e the prime factors of 469?
7, 67
List the prime factors of 14663.
11, 31, 43
What are the prime factors of 49364?
2, 7, 41, 43
What are the prime factors of 16826?
2, 47, 179
What are the prime factors of 506?
2, 11, 23
List the prime factors of 53941.
17, 19, 167
What are the prime factors of 4055?
5, 811
List the prime factors of 31557.
3, 67, 157
What are the prime factors of 55977?
3, 47, 397
What are the prime factors of 3890?
2, 5, 389
List the prime factors of 7383.
3, 23, 107
What are the prime factors of 3858?
2, 3, 643
What are the prime factors of 20704?
2, 647
List the prime factors of 1543.
1543
List the prime factors of 897.
3, 13, 23
List the prime factors of 2068.
2, 11, 47
List the prime factors of 4601.
43, 107
List the prime factors of 13550.
2, 5, 271
List the prime factors of 5922.
2, 3, 7, 47
What are the prime factors of 883?
883
List the prime factors of 16396.
2, 4099
List the prime factors of 2412.
2, 3, 67
What are the prime factors of 5655?
3, 5, 13, 29
What are the prime factors of 445?
5, 89
List the prime factors of 32700.
2, 3, 5, 109
What are the prime factors of 8234?
2, 23, 179
List the prime factors of 124339.
124339
List the prime factors of 2254.
2, 7, 23
List the prime factors of 1822.
2, 911
List the prime factors of 2782.
2, 13, 107
List the prime factors of 41039.
41039
List the prime factors of 2172.
2, 3, 181
What are the prime factors of 1204?
2, 7, 43
List the prime factors of 1169.
7, 167
What are the prime factors of 2?
2
List the prime factors of 64102.
2, 32051
List the prime factors of 4792.
2, 599
List the prime factors of 3488.
2, 109
List the prime factors of 3937.
31, 127
What are the prime factors of 58798?
2, 29399
List the prime factors of 306.
2, 3, 17
List the prime factors of 12633.
3, 4211
List the prime factors of 55449.
3, 61, 101
What are the prime factors of 5576?
2, 17, 41
What are the prime factors of 1095?
3, 5, 73
What are the prime factors of 5541?
3, 1847
List the prime factors of 129355.
5, 41, 631
List the prime factors of 39740.
2, 5, 1987
List the prime factors of 2082.
2, 3, 347
List the prime factors of 24499.
24499
What are the prime factors of 5938?
2, 2969
List the prime factors of 1379.
7, 197
List the prime factors of 301.
7, 43
What are the prime factors of 344?
2, 43
What are the prime factors of 4342?
2, 13, 167
List the prime factors of 7404.
2, 3, 617
What are the prime factors of 5006?
2, 2503
What are the prime factors of 41973?
3, 17, 823
What are the prime factors of 35519?
11, 3229
List the prime factors of 2404.
2, 601
List the prime factors of 722.
2, 19
What are the prime factors of 134531?
29, 4639
List the prime factors of 2381.
2381
What are the prime factors of 942?
2, 3, 157
What are the prime factors of 2173?
41, 53
List the prime factors of 82250.
2, 5, 7, 47
List the prime factors of 45972.
2, 3, 1277
List the prime factors of 37194.
2, 3, 6199
List the prime factors of 3107.
13, 239
List the prime factors of 3326.
2, 1663
What are the prime factors of 1895?
5, 379
What are the prime factors of 2021?
43, 47
What are the prime factors of 26225?
5, 1049
What are the prime factors of 3273?
3, 1091
List the prime factors of 1939.
7, 277
List the prime factors of 7915.
5, 1583
List the prime factors of 59235.
3, 5, 11, 359
What are the prime factors of 256?
2
List the prime factors of 915.
3, 5, 61
What are the prime factors of 15131?
15131
What are the prime factors of 9954?
2, 3, 7, 79
What are the prime factors of 72788?
2, 31, 587
List the prime factors of 644.
2, 7, 23
What are the prime factors of 5057?
13, 389
List the prime factors of 970.
2, 5, 97
What are the prime factors of 1165?
5, 233
List the prime factors of 13709.
13709
What are the prime factors of 33892?
2, 37, 229
What are the prime factors of 518?
2, 7, 37
List the prime factors of 11007.
3, 1223
List the prime factors of 10750.
2, 5, 43
List the prime factors of 28399.
7, 4057
What are the prime factors of 59184?
2, 3, 137
List the prime factors of 812.
2, 7, 29
List the prime factors of 255.
3, 5, 17
What are the prime factors of 20077?
17, 1181
List the prime factors of 7010.
2, 5, 701
List the prime factors of 11663.
107, 109
What are the prime factors of 6277?
6277
What are the prime factors of 374?
2, 11, 17
What are the prime factors of 23174?
2, 11587
What are the prime factors of 1647?
3, 61
List the prime factors of 106409.
97, 1097
List the prime factors of 97664.
2, 7, 109
List the prime factors of 94972.
2, 23743
What are the prime factors of 2591?
2591
List the prime factors of 1971.
3, 73
What are the prime factors of 34820?
2, 5, 1741
What are the prime factors of 1715?
5, 7
What are the prime factors of 302?
2, 151
What are the prime factors of 8023?
71, 113
List the prime factors of 11516.
2, 2879
List the prime factors of 3900.
2, 3, 5, 13
List the prime factors of 2008.
2, 251
What are the prime factors of 507?
3, 13
What are the prime factors of 3020?
2, 5, 151
List the prime factors of 8229.
3, 13, 211
What are the prime factors of 28824?
2, 3, 1201
List the prime factors of 29295.
3, 5, 7, 31
What are the prime factors of 2819?
2819
What are the prime factors of 26527?
41, 647
List the prime factors of 7320.
2, 3, 5, 61
List the prime factors of 2908.
2, 727
List the prime factors of 55.
5, 11
What are the prime factors of 17605?
5, 7, 503
What are the prime factors of 45037?
29, 1553
What are the prime factors of 49529?
49529
List the prime factors of 73113.
3, 24371
List the prime factors of 1951.
1951
What are the prime factors of 1014?
2, 3, 13
List the prime factors of 2117.
29, 73
List the prime factors of 23313.
3, 19, 409
What are the prime factors of 56715?
3, 5, 19, 199
List the prime factors of 9192.
2, 3, 383
List the prime factors of 1390.
2, 5, 139
What are the prime factors of 544?
2, 17
What are the prime factors of 509?
509
What are the prime factors of 14007?
3, 7, 23, 29
List the prime factors of 2197.
13
What are the prime factors of 1229?
1229
List the prime factors of 103.
103
What are the prime factors of 5274?
2, 3, 293
What are the prime factors of 26444?
2, 11, 601
What are the prime factors of 37971?
3, 4219
What are the prime factors of 386?
2, 193
What are the prime factors of 5431?
5431
List the prime factors of 4197.
3, 1399
List the prime factors of 9462.
2, 3, 19, 83
List the prime factors of 134474.
2, 71, 947
List the prime factors of 1330.
2, 5, 7, 19
What are the prime factors of 7017?
3, 2339
What are the prime factors of 35684?
2, 11, 811
What are the prime factors of 11413?
101, 113
What are the prime factors of 1924?
2, 13, 37
What are the prime factors of 18560?
2, 5, 29
List the prime factors of 3706.
2, 17, 109
List the prime factors of 125.
5
What are the prime factors of 66986?
2, 33493
What are the prime factors of 405?
3, 5
List the prime factors of 1246.
2, 7, 89
What are the prime factors of 29472?
2, 3, 307
List the prime factors of 67854.
2, 3, 43, 263
List the prime factors of 47083.
197, 239
List the prime factors of 1413.
3, 157
What are the prime factors of 3358?
2, 23, 73
What are the prime factors of 1157?
13, 89
What are the prime factors of 1640?
2, 5, 41
List the prime factors of 16199.
97, 167
What are the prime factors of 1913?
1913
What are the prime factors of 3566?
2, 1783
List the prime factors of 1397.
11, 127
List the prime factors of 1720.
2, 5, 43
List the prime factors of 3124.
2, 11, 71
What are the prime factors of 5056?
2, 79
List the prime factors of 1286.
2, 643
List the prime factors of 29397.
3, 41, 239
What are the prime factors of 111127?
111127
List the prime factors of 80.
2, 5
List the prime factors of 11453.
13, 881
List the prime factors of 743.
743
List the prime factors of 11412.
2, 3, 317
What are the prime factors of 64501?
53, 1217
What are the prime factors of 15984?
2, 3, 37
What are the prime factors of 5475?
3, 5, 73
What are the prime factors of 10984?
2, 1373
What are the prime factors of 9147?
3, 3049
What are the prime factors of 3247?
17, 191
List the prime factors of 285.
3, 5, 19
List the prime factors of 11563.
31, 373
List the prime factors of 55042.
2, 13, 29, 73
What are the prime factors of 46681?
46681
List the prime factors of 1112.
2, 139
